 - 1)?
-1
What is 5 - 6 - (3 - 4)?
0
What is -4 - -11 - 10 - (-5 + 1)?
1
What is the value of -1 + -1 + (-5 - -7)?
0
Calculate -8 - ((-1 - -1) + 1 - -1).
-10
What is -4 + 3 + 0 + -1 + 0?
-2
Calculate -1 + 0 + 4 - (51 + -46).
-2
Evaluate 12 + (-16 - (-3 - 6)).
5
What is the value of 2 + (-3 - 3) + 3?
-1
Calculate -7 + 2 + -7 + 0 + 5.
-7
What is (-4 - 0) + 5 + -7?
-6
Calculate (0 - -2) + 2 - (2 + 0).
2
Calculate -12 + (3 - (-18 - 1)).
10
Evaluate (1 - -1 - -1) + 2.
5
What is the value of 4 - 7 - (2 + (2 - 11))?
4
-2 - ((-2 - -3 - -1) + -3)
-1
Calculate -3 + (9 - (5 - 0)) - 3.
-2
-5 - (-1 + -5 + -9 + 5)
5
Calculate (-8 + -8 - -8) + 11.
3
Evaluate 2 - (-5 - (3 + -12)).
-2
What is 11 + -4 - (-9 + 10)?
6
Evaluate (1 - 0) + 8 + -4 - 1.
4
What is 11 - (4 - -14 - 10)?
3
What is the value of 0 - 4 - (-2 + -1)?
-1
What is the value of (-6 - -2) + 12 + -9?
-1
What is the value of 3 - 3 - (6 - (5 - 1))?
-2
59 + -64 - (-1 + 0)
-4
Calculate -3 + 2 + -2 - 3 - -3.
-3
What is the value of (0 - 0) + -63 + 63 + 0?
0
(3 - 2) + -24 + 15
-8
Calculate 4 + (3 + (-10 - -6) - 1).
2
Calculate -3 - (5 + -5 - 3).
0
Evaluate 1 - (-2 + -4 - -16).
-9
0 + (0 - 5) + 3 - -2
0
Calculate 0 + (0 + 6 - 3) + -6.
-3
-13 + 12 - (7 - 5)
-3
Calculate (0 - -3) + (-7 - -8).
4
Evaluate 6 - 7 - (-3 + -5 + 3).
4
Calculate -5 + -1 + (-7 + 4 - -4).
-5
Evaluate 16 - 16 - 8 - (1 + -11).
2
What is -2 + -1 - -4 - -2?
3
-5 + -2 + (41 - 34)
0
What is -16 + (-9 - (-28 - -12))?
-9
Evaluate -1 + 3 - 5 - -4.
1
3 - (0 + (1 - 1 - -3))
0
(-14 - (-4 - 4)) + 6
0
Calculate (-1 - (0 + -1 + 5)) + 4.
-1
Calculate 0 - -3 - (4 + -2) - 1.
0
What is 7 + 2 + -5 + -6?
-2
What is the value of (6 - 12) + 1 - -6?
1
Calculate (-1 - ((-1 - 7) + 1)) + 1.
7
What is 11 + -2 - (-11 + -1 + 14)?
7
Calculate 41 + -34 - (-1 + -1 + 2).
7
Evaluate (-12 - (-3 - 3)) + (5 - 3).
-4
Calculate 1 + (2 - -1) - (24 - 20).
0
What is 2 + -1 + (-25 - -31)?
7
Evaluate (1 - 0 - 2) + (-23 - -23).
-1
(2 - 1 - -6) + 0 + -8
-1
What is the value of -8 + 3 + 14 + -6?
3
Evaluate -4 + 2 - 1 - (4 + -9).
2
What is the value of (36 - 42) + 11 + -2?
3
Calculate 3 - 3 - 0 - -2.
2
-13 - ((-2 - -8) + -14)
-5
0 + -4 + (-7 - -15)
4
What is -1 + -1 + (4 - (-3 + 7))?
-2
1 + (2 - 0) + 1
4
6 + -2 + -5 + -1 + 4
2
What is 2 + 2 + -8 + 5?
1
What is the value of -2 - -3 - 4 - -4?
1
What is 4 - (4 - 2 - (1 - 1))?
2
-3 + (0 - (-6 - -1)) + 1
3
Calculate (0 - -5) + 1 - (4 - 0).
2
Evaluate 6 + (-11 - -5) + -4.
-4
What is the value of 3 - 2 - (-2 + 2) - -4?
5
What is -4 - (4 + -10 - 0)?
2
What is the value of 12 + -7 + -10 - (-1 - -1)?
-5
Calculate (13 - 20) + (-1 - 1 - -6).
-3
What is the value of -3 + (10 - 1) + -1?
5
Calculate 3 + (-2 - -3) + (2 - 11).
-5
What is the value of (7 - -2) + 13 + -16?
6
Evaluate 12 + -29 - -11 - -1.
-5
What is -1 - -1 - (67 + -67)?
0
Evaluate 5 + (-3 - -7 - (8 - 1)).
2
Calculate -6 + 1 - (0 + -7 + 5).
-3
What is the value of -4 - -1 - (-7 + 1) - -3?
6
Evaluate 0 - (-4 + 14) - -10.
0
-6 + (-5 + 7 - (-6 + 0))
2
Calculate (-2 - 3) + 3 + -5 + 4.
-3
What is -19 + 19 + (0 - -2)?
2
What is the value of 14 + -14 + 0 + 7?
7
What is 4 + -1 + (-8 - -2)?
-3
Calculate 0 + (2 - (3 - 1) - -2).
2
Calculate -3 - (8 + -3 + -3).
-5
5 + -1 + -1 + (-2 - 1)
0
What is -6 + (0 - (-5 - 4))?
3
Calculate 1 + -1 - (2 - -1).
-3
5 + 1 + (2 - 5)
3
What is 2 + -4 + 2 + (39 - 45)?
-6
What is the value of -3 + (1 - 5) + 6 - -4?
3
What is -1 - (-6 + (-5 - -6)) - -6?
10
Calculate 2 - (1 + -3) - 2 - 7.
-5
What is -2 + 1 + -4 - -4?
-1
What is -8 + (-11 - -6 - -8)?
-5
What is the value of (4 - -1) + -10 + 2?
-3
-4 - -5 - -1 - (3 + -2)
1
Evaluate (-5 - (-4 - -2)) + 1 + -1.
-3
What is -2 + -6 + 9 - -1?
2
What is (-9 - -6) + -4 - -10?
3
Evaluate (-6 + 8 - -2) + (-5 - -2).
1
What is the value of 0 + -3 - (-10 - (-11 + 3))?
-1
1 - -1 - (10 - 10)
2
Evaluate 0 + 2 - (0 + -2).
4
Calculate (2 - (-2 - -6 - 2)) + 2.
2
What is (1 - (2 + 1 + -2)) + 6?
6
Calculate 1 - ((1 - 1) + (2 - 2)).
1
Evaluate (4 + 1 - 3) + -7.
-5
Evaluate -3 + (-8 - (-17 + 7)).
-1
What is 1 + (6 - 7 - -3)?
3
4 + (5 - 16) + 5
-2
Evaluate -4 + 0 + -2 + -2 + 5.
-3
Calculate (-3 - (3 - 2)) + 5.
1
Calculate 0 - (6 + -2 - 1).
-3
Evaluate -4 + (1 - (-1 + -2 - -1)).
-1
(-1 - 1) + (-4 - -6)
0
(-9 - (0 - 3)) + (4 - 2)
-4
What is the value of (1 - 3) + -2 + (9 - 4)?
1
-2 + -1 + (4 - -1)
2
What is the value of 3 + -2 + -5 + -1?
-5
-3 - (1 + 4 + -5)
-3
What is the value of 1 - ((-9 - -7) + 3)?
0
What is -7 + 4 + 6 + (17 - 21)?
-1
What is (-9 - -5) + (0 - (0 + 1))?
-5
Evaluate -9 - -3 - -7 - (6 + 0).
-5
What is the value of (-4 - (-12 - 0)) + -4?
4
What is the value of 5 - (0 + (-3 - -2))?
6
-9 + -5 - (-7 + 2)
-9
What is the value of 1 + (5 - 6) - 1?
-1
What is the value of -48 + 55 + 2 + -8?
1
What is -1 + -6 - (-15 + 12)?
-4
6 + (-2 - 2) + 4 + -8
-2
0 + (1 - (9 - 1) - -6)
-1
Evaluate 6 - ((4 - 0) + 4).
-2
What is the value of (-6 + 9 - 0) + 0?
3
What is -11 - -11 - 12 - -5?
-7
What is the value of 0 + -2 + (0 - (-3 - -2))?
-1
Calculate (-2 - -8) + 1 + -1 - 4.
2
What is the value of (-49 - -46) + -8 + 3?
-8
What is the value of 1 + (6 - 11 - 5) + 5?
-4
5 + 1 + 0 + -2
4
What is the value of (1 - 4 - (6 + -4)) + 10?
5
What is the value of -4 + 1 - (-19 - -14)?
2
Calculate -14 + (2 - (0 - 8)).
-4
Calculate -2 + -9 + 4 + 0 + -1.
-8
What is the value of 5 - (9 - (7 + -5))?
-2
-4 - ((2 + 0 - 2) + -5)
1
What is the value of -4 + 2 - (-3 - -4 - -2)?
-5
What is the value of (-9 + 3 - -1 - -2) + 10?
7
Calculate -1 - 2 - (-13 + 12 + -2).
0
Evaluate -4 + 4 + -7 + 3.
-4
What is 7 - (-5 - -4 - -4)?
4
Evaluate -2 - 1 - -10 - 5.
2
What is the value of (3 - 26) + 9 + 7?
-7
What is the value of 187 + -193 + (1 - -1)?
-4
Calculate -4 - (2 - (-10 + 11)).
-5
Calculate -16 - (1 - 0) - (394 + -400).
-11
(-16 - -1) + 3 + 7
-5
Calculate (-1 - (5 + 1)) + (5 - 2).
-4
Evaluate 2 + -5 + 9 + -1.
5
3 - ((-8 - -4) + 8)
-1
What is -1 + -7 + 70 + -59?
3
Calculate -8 - -8 - (6 + 1).
-7
What is -2 - (2 + (4 - 6))?
-2
Calculate 0 - ((-1 - (-1 + -1)) + -1).
0
What is the value of 30 + -32 - (-9 + 4 + -1)?
4
Evaluate -1 + -2 - ((-1 - -2) + -1).
-3
What is 10 + (-18 - (-1 - 6))?
-1
Calculate 0 - 2 - (16 - 27).
9
What is -2 + 3 + 2 + (2 - 2)?
3
Calculate 3 - -4 - (5 - -1).
1
What is the value of 1 - -3 - (6 + -4)?
2
Calculate 2 + (0 - (3 + -7)).
6
Calculate 13 + -7 + -5 + -1 + -1.
-1
Calculate -1 - (3 + (-1 - 1)).
-2
-1 + 0 - (-2 + 6)
-5
What is the value of 3 - (1 + -2 + 8) - 1?
-5
(-7 - -13 - 9) + 9
6
-3 + (-1 - (-4 + 2)) + 3
1
What is 7 + (3 - 8) - 1?
1
What is the value of -7 - (-3 - (9 + -6))?
-1
3 + (1 - (11 + -7))
0
-7 + 6 - (6 - 5)
-2
What is the value of -2 - (7 + -6 - (3 + -3))?
-3
3 - (6 + 3 - 1)
-5
What is -4 - (-11 + 1 + -1 + 3)?
4
Evaluate -4 - ((-1 - 2) + -1).
0
What is (2 - 0) + (-9 - -5)?
-2
Calculate 1 + -2 + (3 + -4 - -3).
1
10 + -4 - (12 - 10)
4
Calculate 7 + -2 + -10 - -3.
-2
Calculate (5 - 11) + (3 - 3) - 3.
-9
What is the value of 7 - (4 - (-1 + 1))?
3
-3 - (-1 + 4 - (-2 + 4))
-4
What is the value of (2 - -1) + -7 + 7 + 1?
4
What is the value of (-51 - -46) + (2 - -3) + -2?
-2
Calculate ((-3 - 2) + 7 - 3) + -3.
-4
What is the value of 10 - (-11 - (-16 - 10))?
-5
What is the value of 4 + 0 - (16 + -13)?
1
Evaluate -5 + -1 + -7 - -17.
4
-10 + ((2 - 4) + 1 - -6)
-5
Evaluate 16 - (-12 + 25 + -3).
6
Evaluate (13 + -7 - -2) + (0 - 4).
4
Evaluate (13 - 13) + 11 - (-2 - -5).
8
Calculate 2 + (7 - 4) + 1 + -3.
3
Calculate 1 - (-3 - (2 + -10 + -4)).
-8
Evaluate (4 - 1 - 8) + (11 - 5).
1
Calculate (-5 - -4 - 1) + -3 + -4.
-9
What is the value of 4 + (-4 - 1) + 3?
2
(-1 - 15) + 7 - -14
5
-15 - (6 - 14 - 2)
-5
What is 15 - (1 + 6 + -2)?
10
Calculate 2 + 4 + 3 + -7.
2
Evaluate 1 - (9 - 4) - (1 + -6).
1
What is 1 - (0 - (-3 - -2))?
0
-5 - (-1 + (-7 - 2))
5
What is (9 - 6) + 1 + 1 + 1?
6
Calculate (-8 - -13) + 5 + -9.
1
What is (10 - (-1 + 6)) + -1?
4
What is -2 + 0 + 1 + (2 - 3)?
-2
(5 - 0) + 18 + -20 + -5
-2
Calculate -5 + 5 + -1 - -9.
8
What is the value of 6 - (-4 + 8 + 1)?
1
What is the value of -3 - (-5 - -1) - 6?
-5
What is 15 - 19 - (-8 + -1 + 4)?
1
What is 0 - 1 - -8 - 8?
-1
2 + 5 + -14 - -3
-4
What is the value of 4 + 3 + 3 + -6?
4
What is the value of 4 - 3 - (-3 + 2 - 0)?
2
(-17 - -15) + 1 + 0
-1
Evaluate 1 + (7 + -1 - (0 - -1)).
6
Evaluate -253 + 261 + (